se 12) to base 2.
10010010001111101000101
Convert 1021235 (base 11) to base 2.
110111000000011010110
-725b7 (base 12) to base 13
-53056
What is 12756 (base 12) in base 16?
62b2
Convert 113433 (base 11) to base 15.
385da
Convert 301ba1 (base 13) to base 11.
6a4024
100101000100011000 (base 2) to base 16
25118
Convert -1443012 (base 7) to base 4.
-233232333
What is 6baf4 (base 16) in base 11?
281429
What is 5a669 (base 13) in base 14?
44644
What is 1031143440 (base 5) in base 11?
1279925
-4003571 (base 8) to base 16
-100779
-22a388 (base 12) to base 16
-87f98
What is -1315cbb (base 15) in base 3?
-221212000112112
Convert 2a9338 (base 12) to base 10.
721052
Convert 63012313 (base 7) to base 16.
50d529
Convert -238290 (base 12) to base 11.
-362362
Convert -103224032 (base 5) to base 2.
-1101100110001001101
What is 101001001010101101110 (base 2) in base 11?
841560
1082b49 (base 12) to base 3
12221101112210
Convert -3a9625 (base 12) to base 8.
-3547075
20032021220 (base 4) to base 13
5a5c1b
Convert -351114015 (base 6) to base 8.
-30615633
What is -1074052 (base 13) in base 10?
-5035591
Convert 210211123 (base 4) to base 9.
247501
What is -1e9a8 (base 16) in base 8?
-364650
What is 63021154 (base 7) in base 8?
24156356
113921 (base 10) to base 2
11011110100000001
-1004119 (base 12) to base 10
-2993061
-54053 (base 12) to base 3
-12121210100
4551827 (base 11) to base 15
a75907
Convert -10805 (base 10) to base 6.
-122005
3343550 (base 6) to base 13
5c100
-27361175 (base 8) to base 5
-3033342304
What is -75a1d (base 14) in base 16?
-457cb
220001000011 (base 3) to base 11
2a3514
What is -1920092 (base 13) in base 15?
-ac7392
What is -84c91 (base 14) in base 16?
-4e50f
-228b (base 14) to base 16
-1773
Convert -1001121312100 (base 4) to base 13.
-3723c10
-11110111001001001110110 (base 2) to base 8
-36711166
Convert 55333020 (base 6) to base 2.
110010101011110100100
What is 19802 (base 11) in base 10?
27590
What is -22102101201 (base 3) in base 14?
-445ac
2a3f8 (base 16) to base 13
609c5
14824 (base 9) to base 3
111220211
Convert -120133320 (base 5) to base 4.
-2012312033
Convert -102023010 (base 4) to base 15.
-170c6
Convert -ac7aa0 (base 14) to base 6.
-325340044
Convert -24851834 (base 9) to base 2.
-101110100010000110100011
Convert -497268 (base 12) to base 13.
-32a872
Convert -4a1434 (base 14) to base 13.
-6ab8b0
What is -625a9 (base 14) in base 6?
-5025425
163244 (base 14) to base 5
144331004
Convert -12111020122 (base 3) to base 10.
-108071
What is -1333322 (base 5) in base 13?
-c59b
-3128 (base 13) to base 16
-1a8a
Convert a3898 (base 12) to base 4.
310030310
Convert 16343 (base 13) to base 3.
2011000212
-75911 (base 13) to base 11
-135684
Convert 35b66 (base 16) to base 9.
364711
Convert -22a836 (base 12) to base 11.
-350a39
-1218a41 (base 11) to base 16
-205a0f
Convert -11330220203 (base 4) to base 5.
-344342300
What is -246734 (base 10) in base 12?
-ba952
What is -10220102 (base 3) in base 9?
-3812
Convert 110121011120 (base 3) to base 9.
417146
Convert 2210101020101 (base 3) to base 8.
5521647
What is -10010210110 (base 3) in base 16?
-f177
Convert 4401114 (base 7) to base 5.
114210402
Convert 103525212 (base 6) to base 16.
1c6a48
What is 20221122212 (base 3) in base 13?
4a366
Convert -183186 (base 10) to base 3.
-100022021200
Convert -600e9f (base 16) to base 9.
-12754345
1406464 (base 7) to base 14
4c2db
Convert -1aa22a0 (base 11) to base 5.
-1401001440
What is -3151051 (base 6) in base 15?
-30b81
-b643c2 (base 14) to base 11
-35268aa
What is -6145630 (base 7) in base 5?
-141444320
-86014 (base 15) to base 4
-1213310311
What is -332d73 (base 15) in base 13?
-675678
-14352150 (base 6) to base 13
-145206
-1434040 (base 10) to base 6
-50423024
Convert -13322320100 (base 4) to base 14.
-3c08a4
Convert -12a45 (base 12) to base 6.
-314525
What is -2304212 (base 8) in base 9?
-1152027
541054334 (base 6) to base 10
9571954
82e08 (base 15) to base 10
414908
What is -202253513 (base 6) in base 13?
-948b76
What is -232505 (base 9) in base 6?
-2554305
-c9885 (base 15) to base 8
-2341470
Convert -260135 (base 8) to base 4.
-112001131
Convert 68286 (base 14) to base 15.
4ee3d
105052 (base 6) to base 8
21270
What is -754e4 (base 15) in base 2?
-1011010111010001100
Convert -70777535 (base 8) to base 14.
-1dad4cd
-13112112331 (base 4) to base 16
-1d65bd
Convert -6ab623 (base 14) to base 6.
-210023223
-12012010001222 (base 3) to base 7
-32304260
-13133073 (base 8) to base 7
-33622650
-41600 (base 12) to base 11
-592a0
What is 2b170 (base 14) in base 5?
11413220
Convert 37379b3 (base 13) to base 10.
17182207
What is 202122101102 (base 3) in base 6?
12413102
Convert 899a7 (base 12) to base 11.
11542a
233041221 (base 5) to base 3
2000010011100
Convert -11d37d (base 14) to base 3.
-1011010100022
-52602 (base 8) to base 5
-1200030
-201212022 (base 4) to base 11
-94430
789a99 (base 11) to base 5
310222112
What is -2c25 (base 16) in base 4?
-2300211
What is -10124312424 (base 5) in base 14?
-1544a7a
What is 403357 (base 8) in base 12?
64a67
Convert -107440500 (base 8) to base 15.
-19a87ba
Convert -28b2594 (base 12) to base 8.
-37205700
b0c9 (base 15) to base 16
91c2
What is 3ae93a (base 16) in base 10?
3860794
121210030200 (base 4) to base 14
c66520
696470 (base 12) to base 4
12130300110
What is 1a0639 (base 14) in base 10?
923211
What is -91967 (base 11) in base 9?
-224150
What is 35820c (base 14) in base 11?
1039375
What is 935a2 (base 13) in base 12?
109175
-46900a (base 12) to base 5
-242312211
What is -528a95 (base 15) in base 12?
-1394a4b
What is 5944 (base 10) in base 14?
2248
Convert -30200101111 (base 4) to base 8.
-14402125
Convert -15918223 (base 10) to base 9.
-32851624
Convert -426336 (base 10) to base 5.
-102120321
What is 682ce (base 15) in base 13?
b7abb
3919ad (base 16) to base 14
6d5a69
-27223b (base 15) to base 5
-440133011
5134413 (base 8) to base 6
45035243
10021002221110 (base 3) to base 2
110100111011001101001
What is 7002a (base 12) in base 11?
9a098
Convert -532060 (base 7) to base 6.
-1545434
What is -a8a691 (base 12) in base 10?
-2672461
Convert -3204366 (base 7) to base 2.
-1011110110000100000
1210102022001 (base 3) to base 7
11046325
What is 424221 (base 9) in base 8?
754777
What is 4306235 (base 9) in base 15?
308a6e
3243401 (base 5) to base 2
1101101100100101
What is -110323233 (base 4) in base 7?
-504660
Convert -943ab5 (base 14) to base 4.
-103011302033
765312 (base 8) to base 15
510e4
33516554 (base 7) to base 12
b85482
What is -70707 (base 13) in base 9?
-335783
What is -7afef (base 16) in base 13?
-148402
What is -10274244 (base 9) in base 8?
-22704140
-105013 (base 9) to base 12
-30356
Convert 13b811 (base 16) to base 14.
258d57
-612076 (base 11) to base 8
-3601214
Convert 32464 (base 11) to base 9.
71586
What is b7d488 (base 14) in base 15?
82d652
What is 91509 (base 14) in base 9?
582347
Convert -11112220102 (base 3) to base 8.
-256775
What is -121453461 (base 7) in base 13?
-1765aa6
Convert 59912a (base 15) to base 7.
51256201
What is 111010211132 (base 4) in base 12?
1a24792
58608 (base 10) to base 2
1110010011110000
What is -12661361 (base 7) in base 4?
-10132301132
Convert -819487 (base 10) to base 12.
-3362a7
Convert -1a950 (base 11) to base 9.
-43817
Convert -b07a (base 13) to base 5.
-1234033
What is 1726806 (base 10) in base 11?
a7a414
What is 3587862 (base 9) in base 11?
1110505
9a38 (base 16) to base 2
1001101000111000
Convert 102488 (base 10) to base 11.
70001
4115ab (base 12) to base 13
298862
Convert 1344303 (base 6) to base 3.
10212110010
32521 (base 9) to base 5
1142230
What is -918174 (base 13) in base 15?
-46dce3
What is 100110100101101110 (base 2) in base 4?
212211232
What is 1374365 (base 8) in base 16?
5f8f5
Convert 204223304 (base 5) to base 10.
851704
What is 12221202002 (base 3) in base 2?
11100100110111110
2130024 (base 8) to base 16
8b014
What is -33140210 (base 5) in base 6?
-10052214
-100101101000110111010011 (base 2) to base 16
-968dd3
What is -b055c (base 15) in base 8?
-2102007
470303 (base 12) to base 2
100010110100010110011
What is -1313427 (base 9) in base 11?
-450231
207681 (base 9) to base 16
1e370
What is 353909 (base 10) in base 12?
150985
Convert -34890 (base 11) to base 6.
-1024534
What 